94*o - 43153. Calculate g(6).
11
Let p(c) = c**3 + 7*c**2 + 26*c + 65. Determine p(-9).
-331
Let q(m) = 3*m**3 + 22*m**2 + 13*m - 17. Calculate q(-6).
49
Let q(p) = -259*p + 2863. Give q(11).
14
Let g(z) = -32*z**2 - 575*z + 8. Calculate g(-18).
-10
Let v(y) = 5*y**3 + y**2 - 12*y + 13. What is v(1)?
7
Let y(w) = -w**3 - 296*w**2 + 1812*w. Determine y(6).
0
Let g(s) = 2*s**2 + 22*s - 2907. What is g(-44)?
-3
Let r(b) = 383*b + 1530. Determine r(-4).
-2
Let i(n) = -4*n**2 - 168*n - 180. Determine i(-39).
288
Let v(d) = -d**3 - 7*d**2 + 8*d - 20. Calculate v(-8).
-20
Let u(d) = -9*d + 401. Give u(20).
221
Let x(v) = -4*v**3 + 65*v**2 + 42*v + 50. Calculate x(17).
-103
Let y(q) = -144*q - 1709. Calculate y(-7).
-701
Let m(z) = 4*z**3 - 220*z**2 + 219*z - 162. Give m(54).
0
Let l(v) = v**2 + 27*v + 25. Give l(-29).
83
Let f(p) = -p**3 - 4*p**2 + 2*p - 72. Determine f(8).
-824
Let a(h) = -28*h**2 - 96*h - 5. Calculate a(-3).
31
Let c(o) = o**2 - 171*o + 2709. Give c(18).
-45
Let n(b) = -15*b + 213. What is n(13)?
18
Let f(l) = 7*l - 114. Calculate f(15).
-9
Let d(h) = -29*h**2 - 33*h + 89. Give d(3).
-271
Let g(a) = -158*a + 318. Calculate g(2).
2
Let d(b) = b**3 - 2*b**2 + 52*b + 117. Give d(-2).
-3
Let j(n) = n**2 + 3*n - 3322. Determine j(56).
-18
Let n(a) = 48*a - 1105. Give n(22).
-49
Let p(q) = -q**2 - 6*q + 562. Determine p(22).
-54
Let g(r) = -645*r + 14838. Give g(23).
3
Let t(h) = 256*h + 2304. Determine t(-9).
0
Let n(o) = 29*o - 281. What is n(0)?
-281
Let a(k) = k**3 - 35*k**2 - 4*k + 161. What is a(35)?
21
Let q(g) = g**3 - 32*g**2 + 47*g + 293. Determine q(30).
-97
Let d(j) = -160*j - 62. Give d(1).
-222
Let o(u) = u**2 + 7*u - 1414. Determine o(31).
-236
Let n(a) = a**2 + 45*a + 240. Give n(-6).
6
Let r(v) = 299*v + 15546. Calculate r(-52).
-2
Let d(y) = -194*y + 9503. Calculate d(49).
-3
Let q(y) = y**3 - 34*y**2 - 190*y - 177. What is q(39)?
18
Let g(m) = 294*m + 3822. Give g(-13).
0
Let s(c) = 83*c - 768. Calculate s(9).
-21
Let g(a) = 13*a - 92. Give g(14).
90
Let i(h) = -11*h**3 + 4*h**2 + 39*h - 81. Calculate i(2).
-75
Let s(g) = -189*g + 106. Determine s(3).
-461
Let j(v) = v**3 - 15*v**2 + 16*v - 19. Determine j(14).
9
Let x(y) = y**3 + 4*y**2 - 17*y - 66. Determine x(-5).
-6
Let f(a) = -2068*a + 16529. Give f(8).
-15
Let k(i) = -5*i**3 - 3*i**2 - 5*i - 6. Determine k(-2).
32
Let f(l) = -37*l + 110. What is f(5)?
-75
Let j(l) = -l**3 - 12*l**2 + 50*l - 45. Give j(3).
-30
Let l(y) = -5476*y - 32873. Determine l(-6).
-17
Let q(m) = -67*m + 372. Determine q(-12).
1176
Let l(n) = -8*n**3 - 103*n**2 + 153*n + 1819. Determine l(-13).
-1
Let c(o) = -45*o - 498. What is c(-22)?
492
Let s(k) = -k**2 - 11*k + 145. Give s(8).
-7
Let v(z) = -3*z**2 + 53*z - 112. Calculate v(15).
8
Let x(g) = -12*g - 158. What is x(3)?
-194
Let k(p) = 168*p + 433. Give k(-2).
97
Let d(a) = a**3 - 10*a**2 - 223*a + 456. Calculate d(20).
-4
Let b(i) = 28*i + 57. Calculate b(-3).
-27
Let c(a) = a**2 - 48*a + 743. What is c(27)?
176
Let a(d) = d**2 - 69*d - 7. Calculate a(66).
-205
Let s(u) = -3*u**2 + 78*u - 45. Calculate s(0).
-45
Let j(y) = -58*y + 123. Determine j(1).
65
Let u(k) = -2*k**3 - 15*k**2 + 12*k + 17. Calculate u(-8).
-15
Let x(q) = 2*q**3 + 2*q**2 - 20*q + 11. Calculate x(-6).
-229
Let b(a) = -609*a - 3169. Give b(-5).
-124
Let m(a) = a**2 - 641*a + 13011. What is m(21)?
-9
Let o(z) = 123*z - 221. What is o(2)?
25
Let g(n) = -n**3 + 142*n**2 + 212*n + 10935. Give g(144).
-9
Let h(x) = -10*x + 21. Calculate h(6).
-39
Let x(w) = -43*w**3 + 7*w**2 - 5*w - 3. Calculate x(1).
-44
Let d(t) = -4*t**2 + 6*t + 308. What is d(-10)?
-152
Let u(s) = -5*s**2 + 185*s - 329. Determine u(35).
21
Let l(m) = 28*m**2 + 43*m + 94. Give l(-2).
120
Let b(z) = -22*z - 627. Give b(-39).
231
Let q(b) = -b**3 - 16*b**2 + 43*b + 230. Calculate q(-18).
104
Let a(k) = k**3 - 48*k**2 - 2336*k + 137. Give a(-30).
17
Let g(h) = 292*h + 26284. Give g(-90).
4
Let c(w) = -w**3 + 38*w**2 - 229*w - 25. Give c(8).
63
Let d(x) = x**3 + 10*x**2 + 32*x + 10. Determine d(-3).
-23
Let j(q) = 4*q**3 - 580*q**2 - 26*q + 3780. What is j(145)?
10
Let s(n) = -72*n**3 - 3*n**2 - 43*n - 40. Calculate s(-1).
72
Let x(q) = q**3 + 43*q**2 + 30*q - 506. Calculate x(-42).
-2
Let o(c) = -13*c + 83. Give o(13).
-86
Let z(l) = -83*l + 689. Calculate z(8).
25
Let j(d) = 5*d**2 - 136*d + 98. Give j(26).
-58
Let y(d) = -d**2 + 40*d + 3320. Give y(-41).
-1
Let p(u) = u**3 + 28*u**2 + 9. What is p(-28)?
9
Let g(i) = 4*i**3 + 5*i**2 + 25*i + 82. What is g(-4)?
-194
Let y(i) = 7*i**2 - 701*i - 2159. Give y(-3).
7
Let o(s) = -9*s + 24. What is o(-2)?
42
Let p(f) = 759*f + 1873. Determine p(-2).
355
Let r(s) = -51*s + 3054. What is r(61)?
-57
Let y(n) = -8*n**2 + 8*n - 17. Determine y(4).
-113
Let r(k) = -k**3 + 44*k**2 + 408*k - 6. Determine r(-8).
58
Let b(a) = 57*a + 117. Calculate b(-4).
-111
Let f(k) = -38*k**2 + 1825*k - 142. Give f(48).
-94
Let p(f) = -2*f**3 - 5*f**2 + 41*f + 147. What is p(-6)?
153
Let a(x) = 1778*x + 10662. Give a(-6).
-6
Let f(d) = 4*d - 128. Determine f(32).
0
Let o(m) = -226*m - 1821. Determine o(-8).
-13
Let q(a) = -1493*a + 86588. Give q(58).
-6
Let u(y) = -1677*y - 68731. Give u(-41).
26
Let w(p) = 324*p + 2083. Give w(-6).
139
Let n(f) = -271*f - 1359. Determine n(-5).
-4
Let r(u) = u**3 + 11*u**2 + 62*u + 411. What is r(-10)?
-109
Let c(v) = v**3 + 32*v**2 - 2345*v + 8. Calculate c(-67).
8
Let u(j) = -336*j + 5325. Give u(16).
-51
Let z(n) = 4*n**2 + 3*n - 5. Calculate z(6).
157
Let x(f) = -f**2 - 5*f + 132. What is x(-13)?
28
Let p(x) = 5*x**3 + 601*x**2 + 120*x - 2. Give p(-120).
-2
Let v(b) = -44*b - 556. Calculate v(-14).
60
Let m(l) = -7*l**2 + 187*l - 952. Determine m(20).
-12
Let i(h) = -3*h - 18. Determine i(-4).
-6
Let z(h) = 4*h**3 + 16*h**2 - 26*h - 32. Give z(-6).
-164
Let g(q) = -138*q + 370. Determine g(3).
-44
Let n(p) = -4*p**2 + 124*p + 58. Calculate n(31).
58
Let m(x) = 9*x**3 + x**2 + 7*x + 6. Determine m(-1).
-9
Let v(y) = 5*y + 120. What is v(-26)?
-10
Let u(x) = -86*x - 105. Determine u(-1).
-19
Let j(m) = -40*m - 851. Calculate j(-21).
-11
Let j(l) = -l**3 + 33*l**2 + 33*l - 1056. What is j(33)?
33
Let y(c) = -4*c**3 - 57*c**2 - 10*c + 30. What is y(-14)?
-26
Let k(v) = 1857*v. What is k(0)?
0
Let m(z) = -2037*z + 209824. What is m(103)?
13
Let p(c) = -6*c**2 - 18*c + 51. Calculate p(2).
-9
Let s(b) = -300*b - 2402. Give s(-8).
-2
Let r(y) = y**2 - 39*y - 646. Calculate r(52).
30
Let m(q) = -6*q**2 - 120*q + 584. Determine m(4).
8
Let z(n) = -n**2 - 3*n + 90. What is z(-11)?
2
Let x(t) = 7*t**2 + 650*t - 11. Give x(-93).
82
Let i(t) = 7*t**3 - 62*t**2 + 237*t - 2200. Calculate i(9).
14
Let z(r) = r**3 - 7*r**2 - 178*r + 127. Determine z(17).
-9
Let i(d) = -d**3 - 6*d**2 - 36*d - 159. Determine i(-6).
57
Let v(k) = k**3 + 12*k**2 + 21*k - 18. What is v(-12)?
-270
Let d(j) = -28*j**3 - 11*j**2 + 11*j - 1. What is d(1)?
-29
Let k(t) = t**3 + 91*t**2 + 814*t + 316. Calculate k(-81).
-8
Let z(l) = 22*l - 57. Give z(0).
-57
Let o(x) = -3207*x - 12820. Give o(-4).
8
Let m(h) = -1696*h + 5. What is m(0)?
5
Let l(z) = 672*z + 3847. Give l(-6).
-185
Let w(l) = l**3 + 11*l**2 + 18*l + 8. Calculate w(-3).
26
Let l(b) = b**3 - 77*b**2 + 157*b - 532. Calculate l(75).
-7
Let g(r) = -2*r**2 - 51*r + 69. Determine g(-27).
-12
Let x(j) = 60*j - 2404. Determine x(40).
-4
Let b(s) = 410*s + 15583. Calculate b(-38).
3
Let q(h) = h**3 - 4*h**2 - 40*h + 144. Calculate q(4).
-16
Let k(r) = r**3 - 8*r**2 + r + 6. What is k(9)?
96
Let q(n) = -9*n**2 - 103*n + 109. What is q(1)?
-3
Let j(t) = 3*t**2 - 17*t - 699. Determine j(-13).
29
Let z(m) = m**3 + 11*m**2 - 3*m + 22. Determine z(-11).
55
Let b(q) = -q**3 - 32*q**2 + 106*q + 49. What is b(-35)?
14
Let s(j) = -j**3 - 24*j**2 + 108*j + 11. What is s(4)?
-5
Let l(d) = -88*d + 1073. Determine l(12).
17
Let f(d) = -44*d - 2016. Calculate f(-61).
668
Let r(b) = 155*b + 1126. Determine r(-7).
41
Let z(u) = -2*u**3 + 5*u**2 + 22*u + 28. What is z(5)?
13
Let f(y) = y**3 - 115*y**2 + 144*y - 3478. Calculate f(114).
-58
Let u(c) = -1053*c - 5271. What is u(-5)?
-6
Let o(m) = -2*m**2 + 68*m + 265. What is o(-4)?
-39
Let j(c) = c**3 - 8*c**2 + 6*c + 20. Calculate j(6).
-16
Let w(s) = 2*s**3 + 2*s**2 - 7*s + 4. Determine w(-4).
-64
L